{"id":489,"date":"2014-10-22T08:59:10","date_gmt":"2014-10-22T08:59:10","guid":{"rendered":"http:\/\/www.art-design-driehsen.de\/?page_id=489"},"modified":"2025-11-14T09:02:30","modified_gmt":"2025-11-14T09:02:30","slug":"aktuelles","status":"publish","type":"page","link":"https:\/\/www.art-design-driehsen.de\/?page_id=489","title":{"rendered":"Aktuelles"},"content":{"rendered":"<table style=\"width: 100%; height: 323px;\">\n<tbody>\n<tr style=\"height: 643px;\">\n<td style=\"height: 323px;\">\n<table style=\"border-collapse: collapse; width: 95.9036%; height: 5px;\">\n<tbody>\n<tr style=\"height: 18px;\">\n<td style=\"width: 152.583px; height: 18px;\">\u00a0<\/td>\n<td style=\"width: 325.25px; height: 18px;\">\u00a0<\/td>\n<td style=\"width: 333.25px; height: 18px;\">\u00a0<\/td>\n<td style=\"width: 4.86667px; height: 18px;\">\u00a0<\/td>\n<\/tr>\n<\/tbody>\n<\/table>\n<hr \/>\n<h3 style=\"text-align: center;\"><span style=\"text-decoration: underline;\"><strong>Termine 2026 im Schlo\u00df Aschach<\/strong><\/span><\/h3>\n<p style=\"text-align: center;\"><strong>Malerei f\u00fcr Fortgeschrittene<\/strong><\/p>\n<p style=\"text-align: center;\">&#8222;Monochrom&#8220;<\/p>\n<p style=\"text-align: center;\">27.2., 6.3. und 13.3.<\/p>\n<p style=\"text-align: center;\">&#8212;&#8212;&#8212;&#8212;&#8212;&#8212;&#8212;&#8212;&#8212;&#8212;-<\/p>\n<p style=\"text-align: center;\"><strong>\u00d6lmalerei f\u00fcr Anf\u00e4nger\u00a0<\/strong><\/p>\n<p style=\"text-align: center;\">17. + 18.7.<\/p>\n<p style=\"text-align: center;\">&#8212;&#8212;&#8212;&#8212;&#8212;&#8212;&#8212;&#8212;&#8212;&#8212;-<\/p>\n<p style=\"text-align: center;\"><strong>Acrylkurs<\/strong><\/p>\n<p style=\"text-align: center;\">24.7. \/ 31.7. \/ 7.8.<\/p>\n<p style=\"text-align: center;\">Anmeldungen Schlo\u00df Aschach, Tel.: 09708-704188-20<\/p>\n<p style=\"text-align: center;\">&#8212;&#8212;&#8212;&#8212;&#8212;&#8212;&#8212;&#8212;&#8212;&#8212;-<\/p>\n<p style=\"text-align: center;\"><strong>Kunstwoche Ramsthal<\/strong><\/p>\n<p style=\"text-align: center;\">11.7. &#8211; 19.7.<\/p>\n<p style=\"text-align: center;\">&#8212;&#8212;&#8212;&#8212;&#8212;&#8212;&#8212;&#8212;&#8212;&#8212;-<\/p>\n<p style=\"text-align: center;\">\u00a0<\/p>\n<hr \/>\n<p style=\"text-align: center;\"><strong>Kleingruppenunterricht im eigenen Atelier <br \/><\/strong><\/p>\n<\/td>\n<\/tr>\n<tr>\n<td>\u00a0<\/td>\n<\/tr>\n<\/tbody>\n<\/table>\n\n\n<p><\/p>\n\n\n","protected":false},"excerpt":{"rendered":"<p>\u00a0 \u00a0 \u00a0 \u00a0 Termine 2026 im Schlo\u00df Aschach Malerei f\u00fcr Fortgeschrittene &#8222;Monochrom&#8220; 27.2., 6.3. und 13.3. &#8212;&#8212;&#8212;&#8212;&#8212;&#8212;&#8212;&#8212;&#8212;&#8212;- \u00d6lmalerei f\u00fcr Anf\u00e4nger\u00a0 17. + 18.7. &#8212;&#8212;&#8212;&#8212;&#8212;&#8212;&#8212;&#8212;&#8212;&#8212;- Acrylkurs 24.7. \/ 31.7. \/ 7.8. Anmeldungen Schlo\u00df Aschach, Tel.: 09708-704188-20 &#8212;&#8212;&#8212;&#8212;&#8212;&#8212;&#8212;&#8212;&#8212;&#8212;- Kunstwoche Ramsthal 11.7. &#8211; 19.7. &#8212;&#8212;&#8212;&#8212;&#8212;&#8212;&#8212;&#8212;&#8212;&#8212;- \u00a0 Kleingruppenunterricht im eigenen Atelier \u00a0<\/p>\n","protected":false},"author":2,"featured_media":0,"parent":0,"menu_order":4,"comment_status":"closed","ping_status":"closed","template":"","meta":{"_exactmetrics_skip_tracking":false,"_exactmetrics_sitenote_active":false,"_exactmetrics_sitenote_note":"","_exactmetrics_sitenote_category":0,"jetpack_post_was_ever_published":false,"footnotes":""},"tags":[],"class_list":["post-489","page","type-page","status-publish","hentry"],"jetpack_sharing_enabled":true,"jetpack_shortlink":"https:\/\/wp.me\/P9LTpv-7T","jetpack_likes_enabled":true,"jetpack-related-posts":[],"_links":{"self":[{"href":"https:\/\/www.art-design-driehsen.de\/index.php?rest_route=\/wp\/v2\/pages\/489","targetHints":{"allow":["GET"]}}],"collection":[{"href":"https:\/\/www.art-design-driehsen.de\/index.php?rest_route=\/wp\/v2\/pages"}],"about":[{"href":"https:\/\/www.art-design-driehsen.de\/index.php?rest_route=\/wp\/v2\/types\/page"}],"author":[{"embeddable":true,"href":"https:\/\/www.art-design-driehsen.de\/index.php?rest_route=\/wp\/v2\/users\/2"}],"replies":[{"embeddable":true,"href":"https:\/\/www.art-design-driehsen.de\/index.php?rest_route=%2Fwp%2Fv2%2Fcomments&post=489"}],"version-history":[{"count":9,"href":"https:\/\/www.art-design-driehsen.de\/index.php?rest_route=\/wp\/v2\/pages\/489\/revisions"}],"predecessor-version":[{"id":2237,"href":"https:\/\/www.art-design-driehsen.de\/index.php?rest_route=\/wp\/v2\/pages\/489\/revisions\/2237"}],"wp:attachment":[{"href":"https:\/\/www.art-design-driehsen.de\/index.php?rest_route=%2Fwp%2Fv2%2Fmedia&parent=489"}],"wp:term":[{"taxonomy":"post_tag","embeddable":true,"href":"https:\/\/www.art-design-driehsen.de\/index.php?rest_route=%2Fwp%2Fv2%2Ftags&post=489"}],"curies":[{"name":"wp","href":"https:\/\/api.w.org\/{rel}","templated":true}]}}

<table style="width: 100%; height: 323px;">
<tbody>
<tr style="height: 643px;">
<td style="height: 323px;">
<table style="border-collapse: collapse; width: 95.9036%; height: 5px;">
<tbody>
<tr style="height: 18px;">
<td style="width: 152.583px; height: 18px;"> </td>
<td style="width: 325.25px; height: 18px;"> </td>
<td style="width: 333.25px; height: 18px;"> </td>
<td style="width: 4.86667px; height: 18px;"> </td>
</tr>
</tbody>
</table>
<hr />
<h3 style="text-align: center;"><span style="text-decoration: underline;"><strong>Termine 2026 im Schloß Aschach</strong></span></h3>
<p style="text-align: center;"><strong>Malerei für Fortgeschrittene</strong></p>
<p style="text-align: center;">&#8222;Monochrom&#8220;</p>
<p style="text-align: center;">27.2., 6.3. und 13.3.</p>
<p style="text-align: center;">&#8212;&#8212;&#8212;&#8212;&#8212;&#8212;&#8212;&#8212;&#8212;&#8212;-</p>
<p style="text-align: center;"><strong>Ölmalerei für Anfänger </strong></p>
<p style="text-align: center;">17. + 18.7.</p>
<p style="text-align: center;">&#8212;&#8212;&#8212;&#8212;&#8212;&#8212;&#8212;&#8212;&#8212;&#8212;-</p>
<p style="text-align: center;"><strong>Acrylkurs</strong></p>
<p style="text-align: center;">24.7. / 31.7. / 7.8.</p>
<p style="text-align: center;">Anmeldungen Schloß Aschach, Tel.: 09708-704188-20</p>
<p style="text-align: center;">&#8212;&#8212;&#8212;&#8212;&#8212;&#8212;&#8212;&#8212;&#8212;&#8212;-</p>
<p style="text-align: center;"><strong>Kunstwoche Ramsthal</strong></p>
<p style="text-align: center;">11.7. &#8211; 19.7.</p>
<p style="text-align: center;">&#8212;&#8212;&#8212;&#8212;&#8212;&#8212;&#8212;&#8212;&#8212;&#8212;-</p>
<p style="text-align: center;"> </p>
<hr />
<p style="text-align: center;"><strong>Kleingruppenunterricht im eigenen Atelier <br /></strong></p>
</td>
</tr>
<tr>
<td> </td>
</tr>
</tbody>
</table>


<p></p>

<p>        Termine 2026 im Schloß Aschach Malerei für Fortgeschrittene &#8222;Monochrom&#8220; 27.2., 6.3. und 13.3. &#8212;&#8212;&#8212;&#8212;&#8212;&#8212;&#8212;&#8212;&#8212;&#8212;- Ölmalerei für Anfänger  17. + 18.7. &#8212;&#8212;&#8212;&#8212;&#8212;&#8212;&#8212;&#8212;&#8212;&#8212;- Acrylkurs 24.7. / 31.7. / 7.8. Anmeldungen Schloß Aschach, Tel.: 09708-704188-20 &#8212;&#8212;&#8212;&#8212;&#8212;&#8212;&#8212;&#8212;&#8212;&#8212;- Kunstwoche Ramsthal 11.7. &#8211; 19.7. &#8212;&#8212;&#8212;&#8212;&#8212;&#8212;&#8212;&#8212;&#8212;&#8212;-   Kleingruppenunterricht im eigenen Atelier  </p>
